= -h**3 - 6*h**2 + 2*h + 3. Let o(m) = 2*m**3 + 12*m**2 - 3*m - 5. Let j(u) = -5*k(u) - 3*o(u). Give j(-6).
6
Let h(d) = 3*d**2 - 1. Let v(b) = 16*b**2 - 2*b - 6. Let x(g) = -11*h(g) + 2*v(g). Calculate x(-4).
-1
Let a(v) be the third derivative of v**4/24 - 2*v**3/3 + v**2. Let p be 2 + (-129)/7 + 42/98. Let d be (-1 + p/4)/(5/(-2)). What is a(d)?
-2
Let x be 9*(-12)/702 - (-15)/13. Let j(r) = 10*r + 1. Determine j(x).
11
Let y(c) = -c**3 - 22*c**2 + 11. Let q be y(-22). Let s = 12 - q. Let x(t) = 3*t**2 - t. Determine x(s).
2
Let q be 3/(-9)*7*30/(-35). Let f(i) = 2*i**3 - 3*i**2 + i + 3. Give f(q).
9
Suppose 0 = 3*y + 2*y - 20. Let p(b) = -b - 1 - 4 - 2*b + y*b. Let o = -1 - -5. What is p(o)?
-1
Let f(b) be the second derivative of -b**6/720 + b**5/120 - 7*b**4/12 + 7*b. Let j(u) be the third derivative of f(u). Suppose v - 3*v = 0. Give j(v).
1
Let p be (0*(-3)/21)/(-1 - 1). Suppose 0 = 2*j - 10 - 4. Let h(y) = -6*y + j*y - 1 - 6. Calculate h(p).
-7
Let h(y) = -2*y - 17. Suppose 20*s + 135 = -7*s. Calculate h(s).
-7
Suppose -5312 = -4*i + 4*v, -i - 4*i + 6654 = 2*v. Let t(z) = -i*z - 3*z**2 + 1327*z + 4*z**2. What is t(4)?
4
Suppose 5*u = 0, 0 = s - 2*u - 7 - 10. Let m(j) = 2*j + s - 17 - 4*j. Calculate m(1).
-2
Let g = 47 - 45. Let r(z) = -3*z**g + 7 + 13*z**2 - z**3 - 132*z + 131*z. Give r(10).
-3
Suppose -3*w = 3*l + 27, 2*w + 3*l + 30 = 7*l. Let o = 17 - 4. Let k = o + w. Let c(b) = -b**2 + 3*b - 3. Give c(k).
-1
Let z = 3 + -2. Let c(m) be the second derivative of -12*m - 1/2*m**2 + 0 + 11/6*m**3. Give c(z).
10
Let i = 141 + -140. Let c(d) = -40*d**3 + 2*d**2 - 1. Calculate c(i).
-39
Suppose -6*v - 5 + 17 = 0. Let d(c) = 11*c + c**3 - 2 + 37*c**2 - 28*c**2 - v*c + 11. Calculate d(-8).
1
Let f(x) = x**2 + x. Let r be f(-2). Suppose -o + 5*o - 2*j = 20, -r*o + 10 = -2*j. Let g(l) = -3 + l - o*l + l. Calculate g(-4).
9
Let g(z) = -2*z**2 + 4 + 13*z**3 + 16*z**3 + 3*z + 7*z**3 - 37*z**3. Give g(-3).
4
Let s(a) = 10*a - 40. Let t(z) = 7*z - 27. Let v(r) = 5*s(r) - 7*t(r). Determine v(14).
3
Let x(d) = -26*d - 154. Let o(u) = -7*u - 42. Let m(n) = 22*o(n) - 6*x(n). Let p(k) = -8*k - 1. Let v be p(-1). Calculate m(v).
14
Let r be (9/(162/12))/(4/(-18)). Let u(j) be the third derivative of j**6/120 + j**5/60 - 5*j**4/24 - j**3/2 + 2*j**2. Calculate u(r).
-6
Let h(d) = 2*d**2 - 2*d - 1. Let c(t) be the first derivative of t**4/4 - 22*t**3/3 - 25*t**2/2 + 45*t - 21. Let k be c(23). Determine h(k).
3
Let p be -1 + (0 - (-1 + 5)). Let d(h) be the third derivative of -h**6/120 - h**5/15 + 7*h**4/24 + 5*h**3/6 - h**2. Give d(p).
-5
Suppose -264*s + 48 = -272*s. Let j(z) = 8*z + 2 + 3 + 0 + z**3 + 2 + 7*z**2. Calculate j(s).
-5
Let x(b) be the second derivative of -9/2*b**2 - 1/6*b**3 + 0 - 15*b. Determine x(-4).
-5
Let n = 61 - 75. Let f(c) = c**2 + 16*c + 23. What is f(n)?
-5
Suppose -4*v = -5*v + 25. Let j be (-12)/(-10) - 5/v. Let h(c) be the first derivative of -5*c**2 + c + 4. Calculate h(j).
-9
Let d(y) = -2*y**2 + y**2 - 492 - 6*y + 508 + 6*y. Give d(0).
16
Let o = -113 - -108. Let w(z) = -z**2 - z + 3. Give w(o).
-17
Suppose 6 = 4*k - 10. Suppose -4*v + k = -4. Let p(y) = -5 - 1 + 3 - y - 1 + y**v. Calculate p(0).
-4
Let i = 23 - 23. Suppose -3*n + 9 = -i*n - 2*b, 0 = -b. Let m(h) = 0*h**n + h**2 - 3*h**2 + 3*h - 4 - h**3. Calculate m(-4).
16
Let p(g) = -g**2. Let c(m) = 18*m**2. Let w(o) = c(o) + 15*p(o). Give w(2).
12
Let i(x) be the first derivative of -x**3/3 - 7*x**2 - x - 45. What is i(-14)?
-1
Suppose 4*d = 28 + 48. Suppose 2*g + d + 1 = 0. Let z be 15/g*(-4 + 2). Let i(y) = y - 2. What is i(z)?
1
Let p(d) = -d + 1. Let j(h) = h. Let l be 3/9*3 - -11. Suppose 0 = -7*v - 23 - l. Let w be j(v). Determine p(w).
6
Let k(y) = 3*y - 3. Let b(j) = 15*j - 14. Let t(i) = 4*b(i) - 18*k(i). Determine t(4).
22
Let p(r) = -r**3 + 4. Let c = 7 - 6. Let o be 0 - 3 - (1 + c). Let g = -5 - o. Give p(g).
4
Let k(w) be the first derivative of 6*w**2 + w + 42. Let b = -6 + 9. Suppose 0 = 2*h + 1 - b. Give k(h).
13
Let i(m) = 2*m**2 + 5*m + 2. Suppose t + 19 - 7 = 5*k, -3*k + 8 = -t. What is i(t)?
0
Let g(x) be the first derivative of 4 - 1/2*x**2 + 0*x. Let h(d) = -d**3 + 4*d**2 + 7*d - 12. Let n be h(5). Calculate g(n).
2
Let y(m) = m**3 + 3*m**2 + 3*m + 3. Let s(a) = -9*a**2 - 62*a + 4. Let k be s(-7). Give y(k).
-6
Let d(l) = l**2 + l. Let m(s) be the first derivative of 2*s**3/3 + s**2 + 3. Let q(g) = 7*d(g) - 4*m(g). Let p be (-1)/7 + (-80)/28. Calculate q(p).
-6
Suppose 6*u = 3*m + u + 30, 3*u = 2*m + 19. Let p(k) = 2*k + k**3 + k - 4 - 3 + 6*k**2. What is p(m)?
3
Let q(s) = -4*s + 54. Let l be q(4). Suppose 27*m - l - 16 = 0. Let y(n) be the third derivative of n**6/60 - n**5/15 + n**4/12 + n**3/6 + n**2. What is y(m)?
5
Suppose n - 5 = -0*o - o, 3*n = -5*o + 21. Let q(i) = -i**3 + 2*i + 1. Let c be q(-1). Let g(m) = -n*m + c*m + 0*m + m. Determine g(5).
-5
Let p = 0 + 2. Let w be 8 - 0 - 8*6/12. Suppose p = -3*y + w*y. Let v(d) = d**2 - 2*d - 1. Determine v(y).
-1
Let w(q) = -4*q - 1. Let u = -231 + 227. Calculate w(u).
15
Let i(t) = -3*t. Let c(d) = 2*d. Let u(v) = 8*c(v) + 5*i(v). Let f(k) = 3*k + 58. Let p be f(-19). What is u(p)?
1
Let g(q) = -18*q + 16*q - 1 + 0*q**2 - 2*q**2 + 9*q**3. Calculate g(-1).
-10
Let s = -55 + 64. Let t be (((-45)/(-10))/s)/(2/12). Let c(w) = -w**3 + 2*w**2 + 3*w - 2. Determine c(t).
-2
Let g(r) = -r**3 - 5*r**2 + 6*r + 3. Suppose -11*z + 2 = -86. Suppose 3*s + 26 - z = 0. Calculate g(s).
3
Let w(n) = -n**3 - n**2 - 2*n + 53. Let z be w(0). Suppose 0 = 5*v + 2*q - 740, v - z - 72 = -5*q. Let u(d) = 150 - v + d. Give u(4).
4
Suppose -6*f - 51 = -44*f + 89*f. Let g(t) = -2*t**3 - 2*t**2 - 11*t + 13. Let d(k) = -k**3 - k**2 - 6*k + 7. Let j(i) = 11*d(i) - 6*g(i). Give j(f).
-1
Suppose -6*u = u + 63. Let h(l) = 10*l - 3. Let a(b) = -39*b + 13. Let t(p) = u*h(p) - 2*a(p). Suppose -f + 7 = 3*d - 6*f, 5*f + 9 = d. Calculate t(d).
13
Let q(l) = l**3 - 38*l**2 + 193*l - 21. Let k be q(32). Let t(a) = 4*a - 15. Give t(k).
29
Let r(a) = 2 - 2*a**2 + 0 - a**2. Let h be 6 + -7 + 1/(-1) + 5. Suppose 0 = -2*q + 2*s, h*s + 8 = -q - 0*s. Determine r(q).
-10
Let a(g) = 6*g**3 + 9*g**2 + 12*g - 11. Let x(h) = -h**3 - h. Let y(f) = -a(f) - 5*x(f). Let m be y(-8). Let s(l) = -m + 13*l + 8 - 14*l. Determine s(6).
-1
Let u(s) = 2*s + 4. Let g be 14/1 + 6/(-6). Suppose 18*a - g*a = 25. Suppose 0 = -a*h + 10 - 35. Give u(h).
-6
Let b(v) = -v**3 - 10*v**2 + 11. Let l = -434 + 424. Determine b(l).
11
Let d(n) = -2*n**2 - 31*n - 24. Let x be d(-15). Let o(y) be the first derivative of -y**3/3 - 4*y**2 + 13*y + 3. What is o(x)?
4
Suppose f + 3*f = 2*c - 12, 36 = 4*c + 4*f. Let z(n) = n**2 - 5*n - 6. Calculate z(c).
18
Let h(o) = 2*o**2 - 1 - o**3 + 0 + 2*o + 2*o**3 - 1. Let z(c) = 2*c - 13. Let a be z(7). Let l be -5 + a + (5 - 3). Determine h(l).
-6
Let x be 4/(-2) - (4 + -3)*-1. Let q(o) = o - 1. Let v(m) be the second derivative of -3*m**3/2 + 7*m**2/2 + 2*m. Let z(l) = x*v(l) - 6*q(l). Calculate z(3).
8
Let g be (-83)/(-1) + -1 + 4. Let x = 88 - g. Let s(b) = b**2 - b + 2. Give s(x).
4
Suppose 3*u = 10 + 5. Let x(c) = 35*c**2 + c**3 + 7*c - 6 - u*c - 40*c**2. Calculate x(5).
4
Let g(y) be the first derivative of y**3/3 - 8*y**2 + 18*y - 626. Calculate g(8).
-46
Let x(f) = -11*f + 1 + 3 - 7 + 7. Give x(2).
-18
Let x(r) be the first derivative of r**3/3 - 3*r**2/2 - r - 146. Calculate x(6).
17
Let n = -48 - -42. Let v(w) = -4*w - w + 0 - 4. Let h(z) = -4*z - 3. Let p(b) = n*h(b) + 5*v(b). Determine p(0).
-2
Let f(x) = 2*x**3 - x**2 + 3*x - 2. Let l(r) = 8*r + 90. Let w be l(-11). Determine f(w).
16
Let g(i) = -5 + 4 - 3*i + 0*i. Let u(x) = x. Suppose -3*k = 6 - 3. Let j(b) = k*g(b) - 2*u(b). What is j(-1)?
0
Let m(b) = 2*b**3 + 6. Let l be 186/(-66) - -3*4/(-66). Let f(p) = 2*p**3 + p + 5. Let o(s) = l*f(s) + 2*m(s). Determine o(-2).
19
Let y = 12 + -1. Suppose -3*c = y - 17. Let w(j) = 2 - 3*j**3 + j**3 - 2*j + 2*j**2 + j**2. Give w(c).
-6
Let s(w) be the third derivative of w**5/60 - w**4/12 + 5*w**3/6 - 3*w**2 + 18. Give s(4).
13
Let j be (5/15)/(1/(-39)). Let l = j - -15. Let m(p) = 122*p - 127*p + p**2 - 2*p**l. What is m(-4)?
4
Suppose -3*q = -4*d - 25, -4*d - 3*q = 2*q + 33. Let z = -7 - d. Suppose 5*m + 4 + 16 = z. Let u(g) = -